q(c) = 4*c + 8. What is the units digit of q(d)?
6
Let t = -4 + -2. Let c be (-196)/t + (-2)/3. Suppose 2*q = 2*d - c, -2*q - 52 = -4*d - q. What is the units digit of d?
2
Suppose 3*s + s = -72. Let o = s - -34. What is the units digit of o?
6
Suppose -3*x = -w + 3*w - 9, 3*w - 4*x = -12. Suppose 2*t + t = w. Suppose -4*u - 3 + 43 = t. What is the units digit of u?
0
Let a(i) = i**2 - 7*i + 15. Let c(o) = o**2 - 2*o + 3. Let b be c(3). What is the units digit of a(b)?
9
Let w = -13 - -28. Let y be -13 + -1 - w/(-5). Let o = y - -28. What is the tens digit of o?
1
Suppose -2*x + 2*d + 14 = -42, 5*x = -4*d + 140. What is the units digit of x?
8
Suppose -7*q - 84 = -3*q. Let n = -15 - q. Suppose n*h = h + 50. What is the tens digit of h?
1
Let c(m) = -m - 4. Let r be c(-8). Suppose -3*k = -r*o - 2*k + 67, 4*k - 56 = -2*o. What is the tens digit of o?
1
Let g = 8 - 13. Let m = 7 + g. Suppose m*w + 2*x = 14, 2*w - x - 23 = -0*w. What is the units digit of w?
0
Let q be 2 - 2 - (-1 - -1). Let h be (32/6)/(-4)*-12. Suppose 2*b + 9 = 3*b - 2*m, q = 2*b - 3*m - h. What is the units digit of b?
5
Let o = 58 + -41. What is the tens digit of o?
1
Let n(l) = 2 + 8*l**2 + 10 - 3*l**3 + 4*l**3 + 4*l + 2*l. What is the tens digit of n(-7)?
1
Let a(p) = p**2 - p - 4. Let h be a(3). Suppose h*i - 14 + 6 = 0. What is the units digit of i?
4
Let c = 155 - 49. What is the hundreds digit of c?
1
Let a = 10 + -16. Let s = 32 + a. What is the tens digit of s?
2
Let p(f) = 11*f**2 + 2*f - 1. What is the tens digit of p(1)?
1
Suppose -2 = m - 1. What is the tens digit of m*(-1)/(-2)*-20?
1
Let q be 3*(-3)/(-6)*2. Suppose 15 = 4*b - 5. Suppose 20 = q*h + b, -4*x + 45 = h. What is the units digit of x?
0
Let q(j) be the second derivative of 7*j**4/12 - j**3/6 + j**2/2 + 3*j. What is the units digit of q(1)?
7
Let l = 23 - 18. Suppose 4*u = -0*u + 2*h + 132, -2*u + l*h = -50. What is the tens digit of u?
3
Let z(o) = o**3 + o**2 + o. Let n be z(-5). Let p be 1/(-4) - n/20. Suppose 0 = s + 2*b - 12, -4 = -0*s - p*s + 4*b. What is the units digit of s?
4
What is the units digit of ((-10)/(-15))/1*(-6)/(-2)?
2
What is the units digit of -3 + (668/9 - (-2)/(-9))?
1
Let x(r) = 2*r**3 - 3*r**2 - 2*r - 1. Suppose 0*c - 12 = -4*c. What is the units digit of x(c)?
0
Let q(j) = -2*j**3 - 2*j**2 + j. Let x be q(1). Let b = x - -22. Let i = b - 12. What is the units digit of i?
7
Let m(x) = -x**3 + 11*x**2 + 31*x - 12. What is the hundreds digit of m(12)?
2
Suppose 0 = -0*u + u - 14. Let a = u + 21. What is the tens digit of a?
3
Let k = -12 - -21. Suppose -5*q - 20 = 5*d, 5*d + k + 4 = 2*q. Let i = d + 11. What is the units digit of i?
8
Suppose 0 = h + 4*m - 98 + 10, -3*h - 5*m + 243 = 0. What is the tens digit of h?
7
Let k = -20 + 75. What is the tens digit of k?
5
Let l(k) = 10*k**3 + 4*k**2 - 4. Let s(g) = g**3 + g**2 - 1. Let p(d) = l(d) - 5*s(d). Let f be p(1). Let m = 6 + f. What is the units digit of m?
1
Suppose c = 5*c. Suppose c = 5*q - 0*q - 80. What is the tens digit of q?
1
Let s(x) = -4*x**2 + x + 2. Let t be s(2). Let z be (-2)/(-8) - 9/t. What is the units digit of (12 - -4)*z/2?
8
Let g = -21 - -13. Let q(i) = 4*i + 7. Let h be q(g). Let r = -8 - h. What is the tens digit of r?
1
Let m be ((-9)/6 - -2)*40. Suppose -3*b - 25 = m. What is the units digit of (-5)/b + (-46)/(-6)?
8
Suppose -6*c + c - 3*u + 10 = 0, -4*c + 2*u - 14 = 0. Let l be c + -1 - (-1 + -4). Suppose l*h + 0*h - 12 = 0. What is the units digit of h?
4
Let h(z) = z**2 + 3*z - 2. Let c = 11 - 15. Let d be h(c). Suppose -d = -m + 5*w, -m + 0 + 2 = -2*w. What is the units digit of m?
2
Suppose -5*i + i = s - 328, -16 = 4*s. What is the tens digit of i?
8
Let i = 12 + -10. Suppose 3*h + 0 = 12. Suppose 0*u - 2*u - h*r - 2 = 0, -5*u + 3 = i*r. What is the units digit of u?
1
Let t(k) = -k. Let o be t(0). Let g(c) = 2 - 3*c + o - 4*c - c**2. What is the units digit of g(-7)?
2
Suppose -88 + 33 = -4*i - 5*g, -2*i = -5*g - 65. Let w = i + -4. What is the units digit of w?
6
Let a = -77 - -133. What is the units digit of a?
6
Let i be 3 - 1 - 2 - 1. Let z be (2 + (-14)/2)/i. Suppose -4*p - 1 = -d - 21, -z = -p - d. What is the units digit of p?
5
What is the tens digit of (28 + 10)*(-2)/(-4)?
1
Let j be (6*1)/2 - 0. Let l(c) = -3*c**2 + 6*c - 3*c**j - 3*c - 3 + 4*c**3 + 0. What is the units digit of l(3)?
6
Let m(i) = -20*i - 69. What is the tens digit of m(-7)?
7
Let d(l) = l**2 - 4*l - 3. Let g be d(5). Suppose -3 = -m + 3*y, -3*m - g*y + 4 - 6 = 0. Suppose k - 6 - 3 = m. What is the units digit of k?
9
Suppose 21 = -f - 5*j, -3*f - f = -5*j - 41. Let n be (-16)/9 + f/(-18). What is the units digit of n*(6/4)/(-3)?
1
Let x(t) = t - 5. Let a be x(9). Suppose a = 4*l + 20. Let y = -2 - l. What is the units digit of y?
2
Let k = 89 - 53. What is the units digit of k?
6
Let b(z) = z + 1. Let k be (-1)/((2/(-4))/1). What is the units digit of b(k)?
3
Let q(d) = 2 - 4*d - 2 + 3. Let r be q(-3). Suppose -5*t - r = 0, 2*f + 3*t = 6 + 1. What is the units digit of f?
8
Let o(u) = 130*u**3 - 2*u + 1. What is the tens digit of o(1)?
2
Let h(d) = d - 21. Let t be h(15). Let z(a) = 3*a**2 - 5*a - 1. Let r(i) = -7*i**2 + 10*i + 3. Let j(s) = -4*r(s) - 9*z(s). What is the units digit of j(t)?
3
Let u be -4*3/(-6) + -4. Let s be (2 - 3)/(u/10). Let m = 3 + s. What is the units digit of m?
8
Let d(q) = q**3 - 11*q**2 - 11*q + 17. Let t = -26 - -38. What is the units digit of d(t)?
9
Let o = 5 - 2. What is the units digit of o?
3
Suppose -3*g - 4*y = -102, -2*y = -2*g + 3*g - 36. What is the tens digit of g?
3
Let b(w) = w**3 + 13*w**2 + 13*w + 8. Let j be b(-12). What is the tens digit of j*(-4)/20*40?
3
Let z = 4 - -4. Let j be -2*4/(z/(-5)). Let g = 0 + j. What is the units digit of g?
5
Let k = 4 + -2. Suppose 5*z - z = 0. Suppose z*w - k*w = -10. What is the units digit of w?
5
What is the units digit of 5 + -4 + 4 - -93?
8
Let t(z) = z**2 - 6*z + 3. Let v = 0 - -4. Let j be t(v). Let c = j + 7. What is the units digit of c?
2
Let i(w) = 90*w + 30. What is the units digit of i(4)?
0
Let j(w) = -w + 4. Let r(a) = -a**3 - 9*a**2 - 7*a + 5. Let n(u) = -2*u + 2. Let p be n(5). Let g be r(p). What is the units digit of j(g)?
7
Let j(d) be the first derivative of -1/4*d**4 + 1/2*d**2 - 3*d - 1 - 1/3*d**3. What is the tens digit of j(-3)?
1
Suppose -y + 23 = 4*h, -h - 2*h - 2*y = -21. Suppose -h*o = 5*q - 82 - 83, -3*o + 105 = q. Suppose -5*c + c = -o. What is the units digit of c?
9
Suppose -2*w + 5 + 3 = 0. Suppose -w*g + 2*g + 24 = 0. What is the tens digit of g?
1
Let p(x) = -x**2 - 20*x - 25. What is the units digit of p(-7)?
6
Suppose 0 = 2*s + 3*w - 63, 3*s - 16 = -2*w + 86. What is the tens digit of s?
3
Suppose -3*w + 9 = -0*w. What is the tens digit of -6*(-1 - w/3)?
1
Suppose 5*c - 3 = -33. Let j = c + 13. What is the units digit of j?
7
Let z be (-43)/3 + (-1)/(-3). Suppose f + f = 8. What is the units digit of z/f*4/(-2)?
7
Let b(r) = -8*r**3 + r. Let o be b(1). What is the tens digit of 42/(-1)*o/21?
1
Let z be 2 - 1 - (1 + -2). Suppose 2*b - 4*s = -6 + z, 2*s + 14 = -b. What is the units digit of (-6)/7*(1 + b)?
6
Suppose -2*z + 3*c + 7 = -6*z, 4*c = 3*z - 26. Suppose -5*w = 3*n - w - 9, z*n - w = 17. What is the units digit of n?
7
Let a = 17 - 11. Let p = 20 + a. What is the units digit of p?
6
Let h(i) = i**3 - 8*i**2 - 8*i - 7. Let z be h(9). Suppose -z = -g + 5. What is the units digit of g?
7
Let n = 2 - -20. What is the tens digit of n?
2
Let r(n) = 0 - 3 + 2*n**2 - n - 5*n. Let q(b) = 2*b**2 - 7*b - 4. Let a(y) = -3*q(y) + 4*r(y). What is the units digit of a(2)?
2
Suppose 3*p + 3*r = -p + 153, 2*r = -2*p + 74. Suppose -2*l = a - p, -5*l - 4*a + 10 + 98 = 0. What is the units digit of l?
0
Suppose 0*w + 3*w - 12 = 0. Suppose 4*b = -2*f + 22 + 68, -w*b - 5*f = -99. What is the units digit of b?
1
Let n(h) be the third derivative of h**5/30 + h**4/24 + 2*h**3/3 + 4*h**2. What is the units digit of n(-3)?
9
Let w(b) = 6*b + 5. What is the tens digit of w(7)?
4
Suppose 4*z - 24 = 2*z. Suppose 2*y + z = -5*c + 51, 3 = c - 2*y. What is the units digit of c?
7
Let q = 38 - -58. What is the units digit of q?
6
Let l be (-1)/4*-2*4. Suppose -3*c + 40 = l*c. What is the units digit of c?
8
Let c be (-266)/